factors of w(-98).
29269
Let i(j) = -310*j + 183. List the prime factors of i(-4).
1423
Suppose -22 = -3*k - 7. Let y be (-60)/(-18)*42/k. List the prime factors of 70/y*(-16)/(-5).
2
Let a = -28 + 31. Suppose -a*y = -y + y. Suppose -p = p - 5*n - 51, y = -p - n + 8. List the prime factors of p.
13
Suppose 9*n - 75 = 69. Suppose 2*g - 13 = b, -n = -g - g + 2*b. Suppose -g*p = p - 582. What are the prime factors of p?
97
Let z = 306 + -301. Let n(o) be the first derivative of 4*o**3/3 - 9*o - 2. What are the prime factors of n(z)?
7, 13
Let g be ((-1)/2)/(6/(-492)). Let x = g + -49. Let k(r) = -10*r. List the prime factors of k(x).
2, 5
Let a be 1546/14 - (48/(-14))/6. Let r be ((-1)/(-3))/(23/5865). Let z = a + r. List the prime factors of z.
2, 7
Suppose 0 = -5*s - 2*v + 17218, 4*v = -95*s + 94*s + 3458. What are the prime factors of s?
2, 1721
Suppose -46*p = -22*p + 9576. Let z = 2 - p. List the prime factors of z.
401
Suppose -2*u + 21349 = w, 42*w = 43*w + 5. What are the prime factors of u?
3, 3559
Suppose 1255*o = 1270*o - 2505. What are the prime factors of o?
167
Let g(n) = 22*n - 16*n + 35*n + 67. Let p be g(-6). Let b = p - -319. List the prime factors of b.
2, 5, 7
Let f(m) = 5*m - 99. Let t be f(35). What are the prime factors of ((-2)/(-19) - 0) + 16788/t?
13, 17
Let a = 8 - 8. Suppose -2*x = p - 414, a*p = -5*x - 3*p + 1033. What are the prime factors of (-4)/12*0 + x?
11, 19
Let k(r) = -241*r + 1. Let f(d) = 722*d - 4. Let c(u) = -4*f(u) - 14*k(u). List the prime factors of c(1).
2, 61
Let m = -476 + 506. Suppose m*t - 16032 = 18*t. List the prime factors of t.
2, 167
Suppose -6*u + 1836 = -0*u. Let k = u + 686. What are the prime factors of k?
2, 31
Let v(q) = 29*q + 117. Let f(u) = 32*u + 117. Let r(w) = 6*f(w) - 7*v(w). List the prime factors of r(-19).
2, 23
Let f(j) = 32*j**2 - 23*j + 9. Let v(m) = 16*m**2 - 11*m + 5. Let q(p) = -4*f(p) + 9*v(p). Suppose 9*l - 122 = -95. List the prime factors of q(l).
2, 3, 11
Let z be (-18)/54 + (1616/6 - 1). Let a = z + -93. What are the prime factors of a?
5, 7
Suppose -t = -6*t + t. Suppose -p - 3*n + 970 - 68 = t, 2*n = -2*p + 1796. What are the prime factors of p?
2, 7
Let a(o) = -o + 13. Let y be a(-11). Suppose 19*n = y*n - 5740. What are the prime factors of n?
2, 7, 41
Let p(m) be the third derivative of m**6/60 - m**5/60 + m**4/12 + m**3/6 - 2*m**2. Let i(z) = -z + 1. Let q be i(-3). What are the prime factors of p(q)?
11
Let b(m) = 31*m - 12. Let p be b(7). Let h = p - -52. Suppose -2*a - 3*y + h = 3*a, -3*y = a - 61. What are the prime factors of a?
7
Let h(m) = 2485*m - 2928. What are the prime factors of h(14)?
2, 89, 179
Let q = 3 + -3. Suppose -2*z - f - 291 = q, -2*f + 135 = -z + f. Let s = -101 - z. What are the prime factors of s?
43
Let i = -10996 - -25240. List the prime factors of i.
2, 3, 1187
Suppose 0 = 3*v - 3*s + 96, 79 + 5 = -3*v - s. Let l = 33 + v. Suppose -t + 4*c - c + 88 = 0, l*t - 341 = c. List the prime factors of t.
5, 17
Let q be (-7509)/12 + 27/(-12) + 2. Let h = -9 - q. List the prime factors of h.
617
Suppose -3*d - 6303 = -3*r - 30471, 4*r - 24 = 0. List the prime factors of d.
2, 29, 139
Suppose -819920 - 53436 = 17*b - 63*b. List the prime factors of b.
2, 11, 863
Let q(m) be the second derivative of m**4/4 + m**3/6 + 3*m**2/2 - 82*m. List the prime factors of q(7).
157
What are the prime factors of -3 - (2 - 4) - (-2072)/1?
19, 109
Let w(g) = -5*g - 5*g - 9 - 4*g + 21*g. Suppose 0 = 3*y + 6, 0 = u - 6*u + 5*y + 75. What are the prime factors of w(u)?
2, 41
What are the prime factors of (-18754*4/8)/((-136)/(-20) - 7)?
5, 9377
Let s = 1709 - -3092. What are the prime factors of s?
4801
Suppose 2*f - 2 = 0, 5*y - 179*f = -175*f + 208281. List the prime factors of y.
7, 11, 541
Let b(m) = 106*m + 806. List the prime factors of b(-5).
2, 3, 23
Let j(a) be the second derivative of 13*a**4/12 - 5*a**3/6 + 13*a**2/2 - 55*a. List the prime factors of j(5).
313
Let b be 9*(-4)/(-27)*(-3)/(-2). Suppose -4*h + 0*z - z = -141, -5*h + b*z + 160 = 0. List the prime factors of h.
2, 17
Let a(g) = g**3 - 16*g**2 + 17*g - 25. Let f be a(15). Suppose f*r = -r + 24. Suppose k + 112 = -r*y + 6*y, -2*k = -8. What are the prime factors of y?
2, 29
Let o(l) = 2*l**2 - 11*l - 1193. List the prime factors of o(-46).
5, 709
Let n(p) = 8*p - 19. Let k be n(3). Suppose 5 = k*f - 2*g - 5, -5*g - 25 = -4*f. Suppose x + y - 69 = f, -y - 225 = -3*x + 2*y. List the prime factors of x.
2, 3
Let a = -23852 - -73124. What are the prime factors of a?
2, 3, 2053
Let c be 37 - -6 - ((-5)/(-1) + -3). Suppose -51*s = -c*s - 8890. List the prime factors of s.
7, 127
Let g = -72 - -143. Let d = -71 + g. Suppose d*x = x - 172. List the prime factors of x.
2, 43
Suppose 3*z + 3 = z + 3*d, -2*d = 2*z - 22. Suppose 1065 = -z*p + 9*p. Suppose -p = -4*h + 261. What are the prime factors of h?
2, 7, 11
Suppose 46 = -5*x + 2*x - 5*n, -x - n = 12. Let l be (x - -6) + 2*4. Suppose -l*w = -w - 1128. What are the prime factors of w?
2, 47
Let p = -316 + 312. List the prime factors of (4 - (1 - p)) + 1500/5.
13, 23
Let g(u) = 3*u - 8. Let p be g(-14). Let v be 69*((-85)/(-561) - 4/(-22)). Let y = v - p. List the prime factors of y.
73
Let c(z) = z**2 + 2*z + 5. Suppose 3*b + 21 = -4*x, 6 = -5*x - 4*b - 21. Let f be c(x). Suppose -f*r + 64 = -7*r. What are the prime factors of r?
2
Let o(f) be the first derivative of -15*f**2/2 - 68*f - 18. List the prime factors of o(-11).
97
Suppose -a + 3195 = 2*z + 699, z + 5017 = 2*a. What are the prime factors of a?
2, 7, 179
Let j = 794 - 319. Suppose 0 = 4*z - 133 - j. Let i = z + -68. List the prime factors of i.
2, 3, 7
Let b(y) be the third derivative of -y**6/120 - y**5/6 - 13*y**4/12 + y**3/6 - 1011*y**2. Let f be (7/4)/((-1)/4). List the prime factors of b(f).
2, 3
Suppose 14*u - 100 = -11*u. Suppose 332 = -u*c - j + 4687, 2*c = -3*j + 2165. List the prime factors of c.
2, 5, 109
Suppose 2*w = 3*d + 120 - 305, 0 = -w - 1. Suppose -d*f = -62*f. Suppose 3*o - 5*t = 379, t = -f*o + o - 125. What are the prime factors of o?
3, 41
Let o(h) = -4*h + 2. Let a(m) = -m**3 + 12*m**2 - 12*m + 1. Let z(s) = 3*s + 5. Let q be z(2). Let u be a(q). What are the prime factors of o(u)?
2, 3, 7
Suppose 2*v + 0*v = -6, 0 = 4*r + v - 9. Suppose 5*p = -5, -s - 3*s + r*p + 1207 = 0. Suppose -5*c + s = 3*q, 0*c + c - q = 57. What are the prime factors of c?
59
What are the prime factors of ((2 - -2)/(-4))/(742740/(-247575) - -3)?
5, 3301
Let q = -736 + 365. Let y = q + 687. List the prime factors of y.
2, 79
Suppose b - 3*n = -2*b + 168, -3*n + 52 = b. Let w(c) = 17*c + 35. Let l be w(6). Let d = l - b. What are the prime factors of d?
2, 41
Let u = 47476 + 16090. What are the prime factors of u?
2, 37, 859
Suppose -22*o = -6012 - 2612. Let z = o + 99. List the prime factors of z.
491
List the prime factors of 5/(-2) - (-8)/(96/147198).
2, 3, 7, 73
Let a = 833 + 348. Suppose 4*p - 2*u - 329 = a, -p = -5*u - 373. List the prime factors of p.
2, 3, 7
Suppose 0 = 2*r + 5*s - 31, -2*r + s - 11 = -12. Suppose -4*f - 5*p + 2096 = 0, 24*p + 1573 = r*f + 28*p. List the prime factors of f.
3, 173
Let t be -1*(3 - 2)/1. Let p be ((-6)/(-12))/(t/422). List the prime factors of -1*1*(15 + p).
2, 7
Let s = -700 - -704. What are the prime factors of 2*2 + (s - -1466) + 3?
7, 211
What are the prime factors of (-2)/8 - 1907775/(-556)?
47, 73
What are the prime factors of 774/90 + 3/(-5) - -11101?
3, 7, 23
Let x = 1517 - 893. Suppose -x = -21*r + 9*r. List the prime factors of r.
2, 13
List the prime factors of (4 - 9) + 362235/41.
2, 5, 883
Suppose 74*m - 205821 = -4*b + 69*m, 0 = -4*b + 9*m + 205863. What are the prime factors of b?
3, 17, 1009
Suppose 0 = -4*b - g + 44301, 2*g = -22*b + 25*b - 33234. Suppose -3*m + 15*m - b = 0. List the prime factors of m.
13, 71
Let t(a) = -253*a - 3. Suppose -8 = 2*j - 12. Suppose 9*z - j = 11*z. What are the prime factors of t(z)?
2, 5
Suppose -v + 5 = -0*v. Suppose -v*r + 19 = 4. Suppose r*p = 4*p - 82. What are the prime factors of p?
2, 41
Let x(j) = -14*j - 41. Let l(p) = 25*p + 82. Let b(y) = 4*l(y) + 7*x(y). What are the prime factors of b(-13)?
3, 5
Suppose 3*h - 515 = -2*x - 3*x, 5*h - 847 = 3*x. Let n = h - 109. Let z = n + -21. List the 